rue
Is 201251093 a composite number?
False
Is 4729663 prime?
True
Is 5805413 prime?
True
Is 17271217 prime?
False
Is 5742031 composite?
True
Is 90795841 a prime number?
True
Is 56413229 a prime number?
True
Is 7637927 a prime number?
False
Is 3761194 a prime number?
False
Is 10424679 composite?
True
Is 111451 a prime number?
False
Is 30008773 composite?
False
Is 29098691 composite?
False
Is 86807939 prime?
False
Is 236852971 a composite number?
False
Is 195218791 composite?
False
Is 58718813 a prime number?
True
Is 792083 a prime number?
False
Is 6413791 a prime number?
False
Is 2171714 composite?
True
Is 389672021 a prime number?
False
Is 11616841 prime?
True
Is 1604790991 a composite number?
False
Is 700663603 prime?
True
Is 29725723 prime?
True
Is 1415737 prime?
False
Is 129890099 prime?
False
Is 15972113 a prime number?
True
Is 260829991 a prime number?
True
Is 23211887 composite?
True
Is 11215481 prime?
True
Is 7340815 a prime number?
False
Is 111203185 prime?
False
Is 68286643 a prime number?
False
Is 131101589 composite?
False
Is 414013 composite?
False
Is 64666339 a prime number?
False
Is 25192801 composite?
True
Is 5953567 prime?
True
Is 1865174 a prime number?
False
Is 17758757 a prime number?
True
Is 4146686 a prime number?
False
Is 265703 composite?
False
Is 15155921 a composite number?
True
Is 26844361 a composite number?
True
Is 907097 a prime number?
False
Is 106831391 composite?
False
Is 76786421 composite?
False
Is 3198137 a composite number?
True
Is 1264129 a composite number?
False
Is 3541069 a prime number?
False
Is 18672241 a prime number?
False
Is 696089 prime?
False
Is 302925523 a prime number?
True
Is 226324663 composite?
True
Is 50594221 prime?
True
Is 42471955 a prime number?
False
Is 939737 composite?
False
Is 14353613 composite?
False
Is 9433331 a composite number?
True
Is 360220499 prime?
True
Is 2540401 composite?
True
Is 221197961 a prime number?
True
Is 11097479 a prime number?
False
Is 3074621 composite?
True
Is 66716099 a prime number?
True
Is 354508957 a composite number?
True
Is 138555607 composite?
True
Is 1168231 prime?
True
Is 11559209 a composite number?
False
Is 1504255 prime?
False
Is 3554137 a prime number?
True
Is 3551057 a composite number?
False
Is 1150631 a composite number?
False
Is 2603593 a prime number?
False
Is 10129447 a prime number?
True
Is 238107011 prime?
True
Is 114801563 prime?
True
Is 323204023 a composite number?
False
Is 17779397 a composite number?
False
Is 979159 a composite number?
False
Is 842362 composite?
True
Is 2125181 composite?
False
Is 29622127 prime?
False
Is 97349543 a prime number?
False
Is 194523817 a composite number?
False
Is 17437445 composite?
True
Is 9834355 a prime number?
False
Is 3786197 a prime number?
True
Is 456819674 a composite number?
True
Is 36788929 a prime number?
True
Is 26334877 a prime number?
False
Is 73343917 composite?
False
Is 9918994 composite?
True
Is 854519311 a prime number?
False
Is 12938921 a prime number?
False
Is 82114663 prime?
False
Is 483127 a prime number?
True
Is 93735673 prime?
True
Is 750236966 a composite number?
True
Is 95676653 a prime number?
False
Is 85786033 prime?
True
Is 12414263 a composite number?
False
Is 2579567 prime?
False
Is 21196847 a prime number?
False
Is 82931791 a composite number?
False
Is 46896367 a prime number?
False
Is 84283 a composite number?
True
Is 124625821 a prime number?
True
Is 91080761 prime?
True
Is 50017717 a composite number?
False
Is 1040424095 a prime number?
False
Is 1536215 a composite number?
True
Is 161470541 prime?
True
Is 1148925121 composite?
True
Is 56627371 composite?
False
Is 53446105 a composite number?
True
Is 5475161 a composite number?
True
Is 993067 a prime number?
False
Is 2407235 prime?
False
Is 60859 composite?
False
Is 4993601 prime?
False
Is 4098035 a composite number?
True
Is 31790093 prime?
False
Is 287717933 composite?
False
Is 83164763 a composite number?
True
Is 62249069 a prime number?
False
Is 3911047 composite?
True
Is 108053297 composite?
True
Is 5495383 prime?
True
Is 8336357 a prime number?
True
Is 140024653 a prime number?
True
Is 2582243 prime?
True
Is 59535251 a prime number?
False
Is 51345409 composite?
False
Is 325101869 prime?
False
Is 77526653 a prime number?
True
Is 20525083 a composite number?
True
Is 863983 a prime number?
True
Is 1040407 a prime number?
True
Is 14933813 composite?
False
Is 1213007 a composite number?
False
Is 13189927 prime?
False
Is 9651959 prime?
True
Is 4183043 prime?
True
Is 3285509 a prime number?
True
Is 169409 a composite number?
False
Is 58609907 a prime number?
True
Is 88227199 a composite number?
True
Is 5295943 prime?
True
Is 7598491 prime?
False
Is 4236527 a composite number?
False
Is 2890949 prime?
True
Is 4728973 composite?
False
Is 2608589 a prime number?
True
Is 416508809 a prime number?
True
Is 1624109 composite?
True
Is 776085971 prime?
True
Is 194904163 prime?
True
Is 390997 a prime number?
False
Is 39995539 a prime number?
True
Is 1707781 a composite number?
True
Is 18147883 a prime number?
False
Is 5781653 composite?
False
Is 448421 composite?
False
Is 13609807 a prime number?
False
Is 64939561 composite?
False
Is 42456893 prime?
True
Is 908366 prime?
False
Is 186910099 a composite number?
False
Is 34974487 prime?
True
Is 672613367 a composite number?
False
Is 11553679 composite?
False
Is 23414177 a composite number?
False
Is 144472255 prime?
False
Is 13851679 composite?
False
Is 13462951 prime?
True
Is 10311341 composite?
False
Is 4390019 a prime number?
False
Is 202709359 a prime number?
True
Is 6531073 prime?
False
Is 3150883 composite?
True
Is 4144835 a prime number?
False
Is 7465649 prime?
False
Is 12589897 a composite number?
True
Is 32084803 prime?
True
Is 3141181 a composite number?
True
Is 566669 a prime number?
False
Is 5712841 a prime number?
False
Is 24943 a prime number?
True
Is 29153531 a composite number?
True
Is 7790771 a composite number?
True
Is 14827147 a prime number?
True
Is 330829829 composite?
True
Is 6253453 composite?
True
Is 32288903 a prime number?
True
Is 10211689 composite?
True
Is 52586221 a composite number?
True
Is 11792191 composite?
True
Is 9665121 composite?
True
Is 3798929 composite?
True
Is 1038617 a prime number?
True
Is 71507741 a prime number?
True
Is 1199897 prime?
False
Is 174289519 a prime number?
False
Is 7983793 a composite number?
False
Is 164963 a composite number?
False
Is 926129 a prime number?
True
Is 38051479 a composite number?
True
Is 14210785 a prime number?
False
Is 18083283 prime?
False
Is 59068811 composite?
True
Is 626267258 composite?
True
Is 23320181 composite?
False
Is 14829239 prime?
True
Is 331099 a prime number?
True
Is 61220587 a composite number?
True
Is 193122323 a composite number?
True
Is 49387883 a prime number?
False
Is 8680583 a prime number?
True
Is 804653 composite?
False
Is 13542521 composite?
False
Is 3716849 composite?
True
Is 55482803 composite?
False
Is 2556847 prime?
False
Is 8732245 composite?
True
Is 22568797 composite?
False
Is 360941 composite?
True
Is 3776863 composite?
False
Is 9870629 a prime number?
False
Is 111529279 composite?
False
Is 1612649 a composite number?
False
Is 1530601 a prime number?
True
Is 89698187 a composite number?
True
Is 33742073 a composite number?
True
Is 16910389 a composite number?
False
Is 92646311 a prime number?
False
Is 4856161 a composite number?
False
Is 25666577 a prime number?
True
Is 13274957 composite?
False
Is 217979731 composite?
False
Is 35720827 a prime number?
True
Is 5425877 composite?
False
Is 37139 a composite number?
False
Is 51127337 a prime number?
True
Is 19382893 composite?
True
Is 119171149 prime?
True
Is 7844773 prime?
True
Is 907791 a composite number?
True
Is 141901141 a prime number?
True
Is 3607949 composite?
False
Is 121160833 composite?
True
Is 1020209 a prime number?
False
Is 30715315 a prime number?
False
Is 1110893 a composite number?
True
Is 14672741 prime?
True
Is 2605609 composite?
False
Is 12062437 a prime number?
False
Is 4818617 composite?
False
Is 429203 a prime number?
False
Is 1761139 prime?
True
Is 955853 composite?
False
Is 79397683 composite?
False
Is 2444289 a composite number?
True
Is 24246839 a prime number?
True
Is 9487157 composite?
False
Is 97433